
False
Is 22 a factor of 357?
False
Is 20020 a multiple of 172?
False
Does 20 divide 1425?
False
Is 16 a factor of 27088?
True
Does 21 divide 15107?
False
Is 2107 a multiple of 49?
True
Is 792 a multiple of 66?
True
Is 4 a factor of 483?
False
Is 99 a factor of 1683?
True
Is 550 a multiple of 22?
True
Is 346 a multiple of 3?
False
Does 62 divide 6386?
True
Does 31 divide 1452?
False
Is 69 a multiple of 34?
False
Is 1273 a multiple of 18?
False
Is 4 a factor of 4216?
True
Is 19 a factor of 8569?
True
Does 15 divide 48847?
False
Is 4464 a multiple of 6?
True
Is 238 a multiple of 7?
True
Is 720 a multiple of 9?
True
Does 5 divide 4483?
False
Is 22 a factor of 110?
True
Is 10 a factor of 22190?
True
Is 43 a factor of 774?
True
Does 9 divide 2277?
True
Is 396 a multiple of 4?
True
Does 62 divide 2914?
True
Is 8 even?
True
Is 6 a factor of 870?
True
Is 6 a factor of 90?
True
Does 95 divide 8360?
True
Is 196 a multiple of 4?
True
Does 87 divide 7553?
False
Is 39 a factor of 1190?
False
Is 35 a factor of 21161?
False
Is 13 a factor of 51337?
True
Is 10 a factor of 1529?
False
Is 9 a factor of 810?
True
Is 32 a factor of 2176?
True
Does 6 divide 581?
False
Does 126 divide 16128?
True
Is 7 a factor of 15085?
True
Does 9 divide 105750?
True
Does 15 divide 525?
True
Does 5 divide 356?
False
Does 22 divide 121?
False
Does 16 divide 98016?
True
Is 1664 a multiple of 16?
True
Is 4 a factor of 3901?
False
Does 20 divide 1040?
True
Is 17 a factor of 612?
True
Does 31 divide 2976?
True
Is 8445 a multiple of 123?
False
Is 10350 a multiple of 15?
True
Does 18 divide 116?
False
Does 14 divide 25732?
True
Does 9 divide 9981?
True
Does 172 divide 21672?
True
Is 169 a multiple of 13?
True
Is 2 a factor of 181?
False
Is 73761 a multiple of 69?
True
Is 55 a factor of 495?
True
Is 228 a multiple of 19?
True
Is 3 a factor of 2895?
True
Does 21 divide 210?
True
Is 124 a factor of 56544?
True
Is 703 a multiple of 19?
True
Is 93132 a multiple of 39?
True
Is 44 a factor of 20000?
False
Is 22 a factor of 15994?
True
Is 59127 a multiple of 268?
False
Is 13 a factor of 4303?
True
Is 20 a factor of 36080?
True
Is 15 a factor of 32220?
True
Is 577 a multiple of 11?
False
Is 3 a factor of 138?
True
Is 8 a factor of 624?
True
Is 56 a factor of 336?
True
Is 14002 a multiple of 6?
False
Is 39 a factor of 8822?
False
Is 11171 a multiple of 27?
False
Is 8 a factor of 102?
False
Does 144 divide 20736?
True
Is 1026 a multiple of 57?
True
Is 336 a multiple of 16?
True
Is 118 a multiple of 17?
False
Does 12 divide 14042?
False
Does 35 divide 5110?
True
Is 525 a multiple of 35?
True
Does 224 divide 1991?
False
Does 34 divide 3453?
False
Is 64 a factor of 3328?
True
Does 379 divide 47315?
False
Is 2120 a multiple of 51?
False
Is 49 a factor of 26268?
False
Is 54 a factor of 1940?
False
Is 63 a factor of 232?
False
Does 127 divide 64011?
False
Is 18 a factor of 3961?
False
Does 44 divide 11120?
False
Is 3815 a multiple of 109?
True
Is 3 a factor of 35902?
False
Is 520 a multiple of 10?
True
Does 132 divide 21608?
False
Does 19 divide 6403?
True
Does 32 divide 10085?
False
Is 4427 a multiple of 115?
False
Is 3190 a multiple of 55?
True
Does 86 divide 1376?
True
Is 82 a multiple of 2?
True
Does 52 divide 38064?
True
Does 6 divide 9531?
False
Is 2064 a multiple of 48?
True
Is 725 a multiple of 11?
False
Is 23220 a multiple of 12?
True
Does 11 divide 2419?
False
Is 35 a factor of 1575?
True
Is 94 a factor of 1495?
False
Does 2 divide 124?
True
Does 25 divide 17050?
True
Does 4 divide 59?
False
Does 150 divide 5550?
True
Is 576 a multiple of 69?
False
Does 137 divide 15070?
True
Is 26 a factor of 988?
True
Is 4818 a multiple of 73?
True
Does 46 divide 16284?
True
Is 20 a factor of 50270?
False
Is 23 a factor of 21420?
False
Is 116 a multiple of 6?
False
Is 11685 a multiple of 20?
False
Does 13 divide 4247?
False
Is 55 a factor of 1595?
True
Does 57 divide 26220?
True
Does 182 divide 99495?
False
Is 197 a multiple of 101?
False
Is 5757 a multiple of 19?
True
Is 902 a multiple of 119?
False
Is 7 a factor of 356?
False
Is 30549 a multiple of 24?
False
Is 2511 a multiple of 27?
True
Is 120 a factor of 2280?
True
Does 8 divide 62240?
True
Is 8 a factor of 17738?
False
Is 8933 a multiple of 21?
False
Does 15 divide 915?
True
Is 9240 a multiple of 71?
False
Is 23 a factor of 12204?
False
Is 8 a factor of 6744?
True
Is 729 a multiple of 29?
False
Is 14 a factor of 22106?
True
Is 6327 a multiple of 9?
True
Is 56 a multiple of 28?
True
Does 129 divide 11094?
True
Is 77 a factor of 585?
False
Is 348 a multiple of 15?
False
Does 4 divide 6996?
True
Does 49 divide 931?
True
Is 2317 a multiple of 13?
False
Is 137 a factor of 5069?
True
Does 10 divide 14800?
True
Is 1030 a multiple of 34?
False
Is 74 a factor of 22325?
False
Does 24 divide 24175?
False
Does 237 divide 21588?
False
Is 48 a factor of 358?
False
Is 324 a multiple of 10?
False
Is 57 a factor of 24127?
False
Does 45 divide 27262?
False
Is 8 a factor of 6624?
True
Is 53 a factor of 26730?
False
Is 31 a factor of 13361?
True
Is 8 a factor of 136?
True
Is 882 even?
True
Is 3 a factor of 118?
False
Is 333 a multiple of 2?
False
Is 5 a factor of 32?
False
Does 5 divide 2233?
False
Does 11 divide 891?
True
Is 21 a factor of 4522?
False
Is 116281 a multiple of 68?
False
Does 202 divide 6464?
True
Is 17840 a multiple of 86?
False
Is 4485 a multiple of 69?
True
Does 11 divide 9218?
True
Does 3 divide 674?
False
Does 33 divide 4976?
False
Does 4 divide 8088?
True
Is 2931 a multiple of 21?
False
Is 17183 a multiple of 180?
False
Is 6492 a multiple of 12?
True
Is 3 a factor of 607?
False
Is 10 a factor of 390?
True
Does 2 divide 5152?
True
Does 21 divide 1672?
False
Is 14 a factor of 49546?
True
Is 520 a multiple of 16?
False
Is 57 a multiple of 3?
True
Is 30690 a multiple of 155?
True
Is 1227 a multiple of 6?
False
Does 12 divide 124596?
True
Is 126 a multiple of 21?
True
Does 9 divide 792?
True
Is 62 a factor of 620?
True
Does 6 divide 4707?
False
Is 64040 a multiple of 8?
True
Is 39 a factor of 68133?
True
Does 13 divide 4836?
True
Is 997 a multiple of 126?
False
Does 8 divide 19464?
True
Is 3870 a multiple of 45?
True
Is 19544 a multiple of 56?
True
Is 7578 a multiple of 9?
True
Is 4 a factor of 4035?
False
Is 20 a factor of 751?
False
Is 5220 a multiple of 18?
True
Is 270 a multiple of 15?
True
Does 18 divide 3816?
True
Is 57599 a multiple of 224?
False
Is 13 a factor of 1452?
False
Is 114792 a multiple of 24?
True
Does 52 divide 527?
False
Does 20 divide 6888?
False
Is 170 a multiple of 10?
True
Does 65 divide 12285?
True
Does 75 divide 262?
False
Does 31 divide 4588?
True
Does 22 divide 3744?
False
Does 75 divide 3863?
False
Is 374 a multiple of 17?
True
Is 28 a factor of 2156?
True
Does 21 divide 12243?
True
Is 30 a factor of 2441?
False
Is 49 a factor of 833?
True
Is 770 a multiple of 70?
True
Is 11 a factor of 673?
False
Is 27 a factor of 324?
True
Is 80 a factor of 2400?
True
Does 26 divide 1343?
False
Does 55 divide 7747?
False
Does 163 divide 15162?
False
Does 8 divide 841?
False
Is 14 a factor of 71489?
False
Is 496 a multiple of 5?
False
Is 36556 a multiple of 76?
True
Does 9 divide 1427?
False
Is 7 a factor of 3600?
False
Does 21 divide 945?
True
Is 6 a factor of 588?
True
Does 42 divide 1050?
True
Is 8754 a multiple of 5?
False
Does 6 divide 2443?
False
Is 663 a multiple of 8?
False
Is 7 a factor of 475?
False
Is 17847 a multiple of 9?
True
Is 9569 a multiple of 59?
False
Does 14 divide 1107?
False
Is 22800 a multiple of 60?
True
Is 295 a factor of 65594?
False
Does 4 divide 1136?
True
Is 51 a factor of 52326?
True
Is 3225 a multiple of 5?
True
Is 1777 a multiple of 6?
False
Is 18352 a multiple of 29?
False
Is 87 a factor of 4524?
True
Is 8597 a multiple of 11?
False
Is 6 a factor of 270?
True
Is 28 a multiple of 17?
False
Is 1018 a multiple of 60?
False
Does 44 divide 924?
True
Is 40 a factor of 24320?
True
Is 134 a factor of 9648?
True
Is 22900 a multiple of 24?
False
Does 123 divide 7872?
True
Is 123 a multiple of 4?
False
Is 700 a multiple of 20?
True
Does 35 divide 280?
True
Does 12 divide 4666?
False
Is 6 a factor of 69?
False
Is 9 a factor of 28557?
True
Is 5 a factor of 3895?
True
Is 167 a multiple of 17?
False
Does 14 divide 1120?
